and 180?
15
Calculate the greatest common divisor of 410 and 12382.
82
Calculate the highest common factor of 220 and 1608244.
44
What is the highest common divisor of 505 and 1460?
5
What is the greatest common divisor of 92388 and 120?
12
What is the highest common factor of 3146542 and 1902?
634
Calculate the greatest common divisor of 151576 and 20.
4
Calculate the highest common divisor of 9940 and 1090.
10
What is the highest common factor of 7285356 and 234?
234
What is the greatest common factor of 440 and 955592?
88
What is the greatest common factor of 2151708 and 36504?
2028
What is the highest common divisor of 2852 and 5146?
62
Calculate the greatest common divisor of 175 and 18250.
25
Calculate the highest common factor of 288600 and 2375.
25
Calculate the greatest common divisor of 44 and 6704.
4
Calculate the highest common divisor of 4872 and 600.
24
What is the greatest common divisor of 13752 and 1029?
3
What is the highest common factor of 120304 and 62624?
1648
What is the greatest common divisor of 1397 and 7546?
11
What is the highest common factor of 26975 and 1825?
25
Calculate the highest common divisor of 1895 and 55334.
379
What is the highest common factor of 144945 and 180?
45
What is the highest common factor of 8541 and 5967?
117
What is the greatest common factor of 852 and 22872?
12
What is the greatest common divisor of 44 and 30118?
22
Calculate the greatest common divisor of 93187 and 4.
1
What is the highest common factor of 105 and 156198?
21
Calculate the highest common divisor of 123 and 35547.
123
What is the greatest common divisor of 16182 and 186?
186
What is the highest common divisor of 5875 and 7943?
47
What is the highest common factor of 371270 and 130?
10
Calculate the greatest common divisor of 264747 and 441.
147
Calculate the greatest common divisor of 437 and 2964.
19
What is the greatest common factor of 285 and 8070?
15
Calculate the greatest common factor of 44388 and 1068.
12
What is the greatest common factor of 3550 and 2600?
50
Calculate the highest common divisor of 637676 and 52.
52
What is the greatest common factor of 23395 and 5?
5
What is the greatest common divisor of 3274 and 25?
1
What is the greatest common divisor of 1156 and 10217884?
1156
What is the highest common divisor of 555332 and 76?
76
What is the highest common divisor of 4563 and 27?
27
What is the highest common divisor of 1140 and 25830?
30
What is the greatest common factor of 53 and 49?
1
Calculate the highest common factor of 15288 and 507.
39
What is the highest common divisor of 16714 and 4247?
137
What is the greatest common divisor of 1406 and 3572?
38
What is the highest common divisor of 34028 and 10136?
724
What is the highest common divisor of 665 and 11039?
133
What is the greatest common divisor of 29666 and 994?
14
Calculate the greatest common factor of 53509 and 31519.
733
What is the greatest common factor of 30734 and 254?
254
What is the greatest common factor of 28 and 13174?
14
What is the highest common divisor of 1200644 and 820?
164
What is the highest common divisor of 36 and 39108?
12
Calculate the greatest common divisor of 9731 and 185.
37
Calculate the highest common factor of 24 and 7109688.
24
Calculate the greatest common divisor of 25 and 54475.
25
What is the highest common divisor of 247417 and 401?
401
What is the highest common factor of 316701 and 1386?
693
What is the highest common factor of 1909 and 437?
23
What is the greatest common divisor of 330 and 26092?
22
What is the highest common divisor of 3675 and 48412?
49
Calculate the greatest common divisor of 1085 and 11.
1
Calculate the highest common factor of 768 and 528.
48
Calculate the highest common divisor of 1095 and 2112255.
1095
What is the greatest common divisor of 105 and 2121?
21
What is the greatest common divisor of 116 and 13166?
58
Calculate the greatest common divisor of 2368 and 1020016.
592
Calculate the highest common factor of 89 and 1934059.
89
What is the greatest common divisor of 1760 and 4730?
110
Calculate the highest common factor of 48 and 54016.
16
Calculate the highest common divisor of 22 and 3454.
22
Calculate the highest common factor of 4350 and 11658.
174
Calculate the highest common divisor of 652512 and 4032.
672
Calculate the highest common factor of 160912 and 1246.
178
Calculate the highest common divisor of 228 and 3984.
12
What is the highest common factor of 10472 and 1904?
952
What is the greatest common divisor of 2037 and 4150727?
679
What is the greatest common divisor of 387589 and 371?
53
Calculate the greatest common divisor of 20235 and 1995.
285
What is the highest common factor of 2059404 and 72?
12
What is the highest common factor of 46746 and 6174?
882
Calculate the highest common divisor of 16463 and 652.
163
Calculate the highest common factor of 224 and 14812.
28
What is the highest common factor of 74 and 23162?
74
Calculate the highest common divisor of 10976 and 27048.
392
What is the greatest common factor of 248 and 61039?
31
What is the greatest common divisor of 4381 and 23387?
13
Calculate the highest common divisor of 13575 and 2175.
75
Calculate the greatest common factor of 80990 and 1365.
455
Calculate the greatest common divisor of 28 and 13174.
14
Calculate the greatest common divisor of 35604 and 2208.
276
Calculate the greatest common divisor of 52920 and 6696.
216
Calculate the greatest common factor of 1392 and 405942.
174
What is the highest common divisor of 35663 and 57?
19
What is the highest common factor of 10940 and 540?
20
Calculate the greatest common divisor of 5724 and 2052.
108
What is the greatest common factor of 183572 and 3?
1
Calculate the highest common divisor of 10400 and 467350.
650
What is the greatest common divisor of 3013 and 10480?
131
Calculate the greatest common factor of 37996 and 14007.
161
What is the highest common divisor of 159 and 987?
3
What is the greatest common divisor of 585 and 62190?
45
What is the highest common divisor of 148480 and 1740?
580
Calculate the greatest common factor of 469 and 4489.
67
Calculate the highest common factor of 517 and 6110.
47
What is the highest common factor of 17 and 1317857?
17
Calculate the highest common divisor of 898289 and 14.
7
What is the greatest common factor of 224225 and 150?
25
What is the greatest common factor of 80052 and 84?
84
What is the greatest common factor of 96 and 33096?
24
Calculate the greatest common divisor of 292 and 81468.
292
What is the greatest common factor of 1515100 and 40?
20
What is the highest common factor of 931230 and 216?
54
Calculate the greatest common divisor of 564 and 690336.
564
What is the greatest common factor of 12020 and 380?
20
Calculate the highest common divisor of 227 and 3510555.
227
What is the greatest common divisor of 42971 and 97?
97
What is the highest common factor of 13 and 30940?
13
Calculate the greatest common divisor of 417 and 7221.
3
What is the greatest common factor of 782 and 145282?
34
What is the greatest common factor of 50 and 19070?
10
What is the highest common divisor of 381 and 20229?
3
What is the greatest common divisor of 7227 and 132?
33
What is the greatest common factor of 21195 and 675?
135
Calculate the highest common divisor of 580 and 37990.
290
Calculate the greatest common factor of 8690 and 632.
158
What is the greatest common divisor of 752 and 8048?
16
What is the greatest common divisor of 12 and 111396?
12
Calculate the greatest common factor of 6798 and 5047.
103
What is the greatest common factor of 394 and 1970?
394
Calculate the highest common factor of 7271 and 693.
11
Calculate the greatest common divisor of 70069 and 1599.
41
Calculate the highest common divisor of 15 and 40875.
15
What is the highest common factor of 24 and 19744392?
24
What is the greatest common divisor of 19812 and 9?
3
Calculate the greatest common factor of 54800 and 250.
50
Calculate the greatest common divisor of 73377 and 1891.
31
Calculate the highest common factor of 18333 and 147.
21
What is the highest common factor of 727871 and 551?
551
What is the highest common divisor of 33 and 476421?
33
Calculate the highest common divisor of 1641 and 39.
3
Calculate the highest comm